
What are the prime factors of 1266?
2, 3, 211
List the prime factors of 9163.
7, 11, 17
What are the prime factors of 12343?
12343
What are the prime factors of 729?
3
What are the prime factors of 1049?
1049
List the prime factors of 658.
2, 7, 47
What are the prime factors of 35612?
2, 29, 307
What are the prime factors of 39886?
2, 7, 11, 37
List the prime factors of 5079.
3, 1693
What are the prime factors of 14269?
19, 751
List the prime factors of 1634.
2, 19, 43
What are the prime factors of 3886?
2, 29, 67
List the prime factors of 829.
829
List the prime factors of 8345.
5, 1669
List the prime factors of 5783.
5783
What are the prime factors of 22375?
5, 179
What are the prime factors of 5176?
2, 647
What are the prime factors of 13187?
13187
What are the prime factors of 7850?
2, 5, 157
What are the prime factors of 1100?
2, 5, 11
List the prime factors of 7113.
3, 2371
List the prime factors of 7651.
7, 1093
What are the prime factors of 16?
2
List the prime factors of 29.
29
List the prime factors of 2270.
2, 5, 227
List the prime factors of 4531.
23, 197
List the prime factors of 3246.
2, 3, 541
What are the prime factors of 591?
3, 197
List the prime factors of 2121.
3, 7, 101
What are the prime factors of 44430?
2, 3, 5, 1481
What are the prime factors of 6516?
2, 3, 181
List the prime factors of 6258.
2, 3, 7, 149
What are the prime factors of 3684?
2, 3, 307
List the prime factors of 54268.
2, 13567
What are the prime factors of 7906?
2, 59, 67
List the prime factors of 54562.
2, 27281
What are the prime factors of 887?
887
List the prime factors of 387.
3, 43
What are the prime factors of 251?
251
List the prime factors of 75965.
5, 15193
List the prime factors of 2730.
2, 3, 5, 7, 13
What are the prime factors of 42176?
2, 659
What are the prime factors of 23922?
2, 3, 443
What are the prime factors of 4035?
3, 5, 269
List the prime factors of 3017.
7, 431
List the prime factors of 2879.
2879
List the prime factors of 14546.
2, 7, 1039
What are the prime factors of 33679?
33679
List the prime factors of 67878.
2, 3, 419
List the prime factors of 963.
3, 107
What are the prime factors of 3036?
2, 3, 11, 23
List the prime factors of 39238.
2, 23, 853
List the prime factors of 21621.
3, 7207
What are the prime factors of 18476?
2, 31, 149
List the prime factors of 3319.
3319
List the prime factors of 21074.
2, 41, 257
What are the prime factors of 898?
2, 449
What are the prime factors of 409?
409
List the prime factors of 46329.
3, 15443
List the prime factors of 9655.
5, 1931
What are the prime factors of 11010?
2, 3, 5, 367
List the prime factors of 13806.
2, 3, 13, 59
List the prime factors of 8182.
2, 4091
List the prime factors of 21071.
19, 1109
What are the prime factors of 883?
883
What are the prime factors of 1300?
2, 5, 13
What are the prime factors of 553?
7, 79
List the prime factors of 675.
3, 5
List the prime factors of 49836.
2, 3, 4153
What are the prime factors of 20820?
2, 3, 5, 347
What are the prime factors of 611?
13, 47
What are the prime factors of 2855?
5, 571
What are the prime factors of 1081?
23, 47
What are the prime factors of 771?
3, 257
What are the prime factors of 390?
2, 3, 5, 13
What are the prime factors of 745?
5, 149
What are the prime factors of 56495?
5, 11299
What are the prime factors of 2059?
29, 71
List the prime factors of 917.
7, 131
What are the prime factors of 2765?
5, 7, 79
List the prime factors of 14005.
5, 2801
What are the prime factors of 1542?
2, 3, 257
What are the prime factors of 19156?
2, 4789
List the prime factors of 15385.
5, 17, 181
List the prime factors of 3502.
2, 17, 103
List the prime factors of 1852.
2, 463
What are the prime factors of 1575?
3, 5, 7
List the prime factors of 6854.
2, 23, 149
List the prime factors of 22099.
7, 11, 41
List the prime factors of 7649.
7649
List the prime factors of 1533.
3, 7, 73
List the prime factors of 4846.
2, 2423
List the prime factors of 4196.
2, 1049
What are the prime factors of 9932?
2, 13, 191
What are the prime factors of 7465?
5, 1493
List the prime factors of 1104.
2, 3, 23
List the prime factors of 63042.
2, 3, 7, 19, 79
What are the prime factors of 2499?
3, 7, 17
List the prime factors of 162.
2, 3
What are the prime factors of 303?
3, 101
What are the prime factors of 4247?
31, 137
What are the prime factors of 5524?
2, 1381
What are the prime factors of 8212?
2, 2053
List the prime factors of 911.
911
What are the prime factors of 79426?
2, 151, 263
What are the prime factors of 21910?
2, 5, 7, 313
What are the prime factors of 72378?
2, 3, 4021
What are the prime factors of 3261?
3, 1087
What are the prime factors of 27748?
2, 7, 991
What are the prime factors of 38506?
2, 13, 1481
What are the prime factors of 2062?
2, 1031
What are the prime factors of 706?
2, 353
What are the prime factors of 10621?
13, 19, 43
List the prime factors of 193627.
7, 139, 199
List the prime factors of 38097.
3, 17, 83
List the prime factors of 29603.
7, 4229
What are the prime factors of 5150?
2, 5, 103
List the prime factors of 132593.
67, 1979
What are the prime factors of 7883?
7883
List the prime factors of 11187.
3, 11, 113
What are the prime factors of 4455?
3, 5, 11
List the prime factors of 7113.
3, 2371
List the prime factors of 712.
2, 89
List the prime factors of 1521.
3, 13
What are the prime factors of 57448?
2, 43, 167
List the prime factors of 27355.
5, 5471
List the prime factors of 16698.
2, 3, 11, 23
List the prime factors of 28940.
2, 5, 1447
What are the prime factors of 80147?
80147
List the prime factors of 311.
311
List the prime factors of 3418.
2, 1709
What are the prime factors of 974?
2, 487
What are the prime factors of 51468?
2, 3, 4289
What are the prime factors of 532?
2, 7, 19
What are the prime factors of 1724?
2, 431
What are the prime factors of 762?
2, 3, 127
List the prime factors of 65187.
3, 7243
List the prime factors of 6115.
5, 1223
List the prime factors of 1438.
2, 719
What are the prime factors of 2988?
2, 3, 83
What are the prime factors of 14263?
17, 839
List the prime factors of 57.
3, 19
What are the prime factors of 65115?
3, 5, 1447
What are the prime factors of 10263?
3, 11, 311
What are the prime factors of 49693?
7, 31, 229
What are the prime factors of 16741?
16741
List the prime factors of 101947.
97, 1051
List the prime factors of 2779.
7, 397
What are the prime factors of 12601?
12601
List the prime factors of 42971.
97, 443
List the prime factors of 495.
3, 5, 11
What are the prime factors of 2598?
2, 3, 433
List the prime factors of 12205.
5, 2441
List the prime factors of 1267.
7, 181
What are the prime factors of 6345?
3, 5, 47
What are the prime factors of 75690?
2, 3, 5, 29
What are the prime factors of 53352?
2, 3, 13, 19
What are the prime factors of 60320?
2, 5, 13, 29
What are the prime factors of 3838?
2, 19, 101
List the prime factors of 3095.
5, 619
What are the prime factors of 161478?
2, 3, 8971
List the prime factors of 70435.
5, 14087
List the prime factors of 21575.
5, 863
What are the prime factors of 4476?
2, 3, 373
What are the prime factors of 75472?
2, 53, 89
List the prime factors of 8590.
2, 5, 859
What are the prime factors of 59992?
2, 7499
List the prime factors of 7464.
2, 3, 311
List the prime factors of 348.
2, 3, 29
What are the prime factors of 9260?
2, 5, 463
What are the prime factors of 10540?
2, 5, 17, 31
What are the prime factors of 4833?
3, 179
What are the prime factors of 1755?
3, 5, 13
List the prime factors of 2990.
2, 5, 13, 23
What are the prime factors of 1201?
1201
What are the prime factors of 1725?
3, 5, 23
What are the prime factors of 414?
2, 3, 23
List the prime factors of 11284.
2, 7, 13, 31
List the prime factors of 1151.
1151
List the prime factors of 1009.
1009
List the prime factors of 272.
2, 17
What are the prime factors of 30545?
5, 41, 149
List the prime factors of 505.
5, 101
What are the prime factors of 46350?
2, 3, 5, 103
What are the prime factors of 112247?
112247
What are the prime factors of 1321?
1321
What are the prime factors of 72859?
72859
List the prime factors of 911.
911
List the prime factors of 4685.
5, 937
List the prime factors of 1947.
3, 11, 59
List the prime factors of 1243.
11